 - 29. List the prime factors of x.
2, 11
Let h(w) = w**3 + 8*w**2 - 10*w + 4. What are the prime factors of h(-9)?
13
Suppose -2*y + 8 = -0*y, -2*z - 10 = -2*y. Let s = 7 + z. List the prime factors of s.
2, 3
Suppose -4 - 1 = -s. Suppose -4*l + 20 = 0, -s*h - 4*l - 11 = -66. Suppose 2*q - h = -3. What are the prime factors of q?
2
Let s = 69 + 10. What are the prime factors of s?
79
Let c be (-64)/36 + 2/(-9). Let r = -3 - c. List the prime factors of 3/(r - -2) + 19.
2, 11
Let n = 4 - 5. Let i(c) = -8*c**3 + 2*c**2 + c. List the prime factors of i(n).
3
Let b be (-348)/(-22) - 2/(-11). What are the prime factors of b/6 + (-18)/27?
2
Let y be -5*(-1 - (-6)/(-3)). Let w = -10 + y. Suppose q = w*q - 44. What are the prime factors of q?
11
Suppose 0 = z + 1 + 2. Let i be -4 - z - -1*1. Suppose i = -4*l + 15 + 25. What are the prime factors of l?
2, 5
Let t(o) = 3*o**2 - 7*o - 7. List the prime factors of t(6).
59
Let q be -1 + 1/2*42. Suppose -11 = -3*v + 2*f, 3*v - 5*f = -2*v + q. Suppose -h + 13 = 3*g - 6*g, 5*h + v*g - 11 = 0. What are the prime factors of h?
2
Let b = -17 + 50. What are the prime factors of b?
3, 11
Suppose -3*a = -2*a - 4*f - 43, 5*a + 2*f = 149. List the prime factors of a.
31
Let m = -280 - -152. Let j be m/(-9) - 4/18. Suppose -46 = -4*k - j. List the prime factors of k.
2
Let y = 1 + 1. Suppose -6*f + f = 0. Suppose f = y*g - 2*p - 0*p - 6, -2*g - p + 21 = 0. What are the prime factors of g?
2
Suppose 7*k - 2*v = 4*k - 13, 2 = v. Let y(p) = -6*p. Let i be y(k). What are the prime factors of i*-3*1/(-6)?
3
Let o = 9 - 3. Let x = 4 + o. Suppose -x = -3*r + 5. What are the prime factors of r?
5
Let j = 6 + -5. Suppose -l = -2*l - h - j, -l + 15 = -3*h. Let u = 4 + l. List the prime factors of u.
7
Let l(p) = -p + 34. Let w be l(0). Let b = 1 + 4. Suppose -b*h + w = -6. List the prime factors of h.
2
Let f(x) = 10*x**2 - 2*x - 18. List the prime factors of f(6).
2, 3, 5, 11
Let l = -10 - -19. Suppose 5*q + 20 = -10. Let h = l + q. List the prime factors of h.
3
Suppose -3*u - 8 = -2. Let l be (-1)/(u/(1 + 1)). Let i(t) = 10*t - 1. List the prime factors of i(l).
3
Suppose 3*g = -2*l + 238, 2*l - l = -2*g + 160. List the prime factors of g.
2, 41
Suppose -120 = -4*g - g. Let v = -2 - -5. Suppose -v*p + g = 3. List the prime factors of p.
7
Let i = -14 + 56. What are the prime factors of i?
2, 3, 7
List the prime factors of 2 - (-146)/(1 - -1).
3, 5
Suppose i - 4*i - 5*g = -2, -2*g - 24 = -5*i. Suppose 3*k + 13 = i*k. List the prime factors of k.
13
Let m = 111 - 35. Let c = -33 + m. List the prime factors of c.
43
Suppose 3*n - 2*r = 5*n - 36, 0 = -3*n - 4*r + 55. Suppose -g + n = -0. What are the prime factors of g?
17
Let z(r) = -r**2 + 41. What are the prime factors of z(0)?
41
Suppose 0*d = -5*d + 3*s + 640, -5*s = 0. List the prime factors of d.
2
Let y(i) = i**2 + 4*i - 5. Let j be y(-5). Suppose -b + j*b = 2*s - 15, 4*s - 44 = -4*b. List the prime factors of b.
7
Let y = -1 - -3. Let l be (y*-3 + 2)*-1. Let d = 14 - l. What are the prime factors of d?
2, 5
Suppose -2*j + 2 = -0*j. List the prime factors of (15/(-20))/(j/(-20)).
3, 5
What are the prime factors of (12/(-14))/(-2 - (-332)/168)?
2, 3
Let v = 96 + -27. What are the prime factors of v?
3, 23
Let a(d) = -4*d - 3. Suppose -h + 5*h = -36. Let c = h - -3. What are the prime factors of a(c)?
3, 7
Suppose -612 = 8*d - 2052. What are the prime factors of d?
2, 3, 5
Let o(c) = 2*c + 1. Let w be o(1). Suppose -p - 1 = -w*j, 2*j = -2*p - 3*j + 20. List the prime factors of p.
5
Let t be -1 + 4 - (-1 + -6). List the prime factors of t/3*(-108)/(-30).
2, 3
Suppose 5*l + 5*t = 160, l + 4*t - 4 = 13. What are the prime factors of l?
37
Let k(x) = 2*x - 2*x + 5 - 2*x. Let t be k(-8). Suppose 0 + t = 3*w. List the prime factors of w.
7
Let a = 8 + -10. Let y be (-1)/a + 1/(-2). Suppose -s - 41 = -3*m - 2*s, s + 4 = y. What are the prime factors of m?
3, 5
List the prime factors of (204/10)/(33/110).
2, 17
Let l be 2/(-5)*(-5 + 0). Suppose -l*x = 2*x - 36. Let s = x - 4. What are the prime factors of s?
5
Suppose 0 = -j + 5*j - 24. Let q = 13 - j. Let x(f) = -f**2 + 9*f - 1. List the prime factors of x(q).
13
Let w be 2/9 + (-150)/(-54). Suppose -65 = -3*g + 4*f, -3*f - 5 = 4*g - 50. Suppose 3*q - g = w. List the prime factors of q.
2, 3
Suppose -3*y + 4*y + 3*u - 13 = 0, -2*u = -3*y + 17. Suppose -5*r = -y*n + 4*n, 30 = 3*n + 5*r. What are the prime factors of n?
5
Suppose 66 = -y + 7*y. List the prime factors of y.
11
Suppose -2*c + c + s = -9, -3*c - 3*s + 33 = 0. List the prime factors of c.
2, 5
Suppose 5*k - 2*k = 2*h + 196, 3*k - h = 197. Suppose 4*l - 22 - k = 0. What are the prime factors of l?
2, 11
Let p(h) = h - 1. Suppose -3*i = -3*c - 2*i - 3, -c = 5*i - 15. Suppose 2*s - 5*s - 13 = 5*b, c = -5*b - 25. List the prime factors of p(s).
3
Let h(o) = -o**2 + 5*o. Let i be h(4). Suppose -c - 113 = -3*t, -i*t = -c - 24 - 127. List the prime factors of t.
2, 19
Suppose 5*u + 174 = -0*u - 4*j, -j + 67 = -2*u. Let g = -19 - u. Let d = 24 - g. List the prime factors of d.
3
Suppose -o = 4*o - 20. What are the prime factors of 10/(o - 2)*3?
3, 5
Let s(z) = -z**2 - 4*z - 1. Let t be s(-2). Let x = 47 - 34. Suppose -t*h + 14 + x = 0. List the prime factors of h.
3
Let m = 0 + 0. Suppose m*u - 20 = -u + 4*o, -2*o = 6. What are the prime factors of u?
2
Let h(t) = t**3 + t**2 + t + 2. Let g be h(-2). Let n(l) = -l - 2. Let q be n(g). What are the prime factors of (1/q)/((-4)/(-40))?
5
Suppose 3*a = -0*a + 15. Let y = 9 - 4. Suppose a*m - y*b - 40 = 0, 0 - 8 = -2*m - 2*b. What are the prime factors of m?
2, 3
Let d = 2 - -2. Suppose 0 = 3*n + d*w + 6, -n - 4*n + w + 13 = 0. What are the prime factors of n?
2
List the prime factors of (-368)/(-12) + 1/3.
31
Let d be (-3 - -1)*17/2. Let s = d + 28. What are the prime factors of s?
11
Let q(s) = s + 1. Let o = 17 - 10. Let w = -3 + o. List the prime factors of q(w).
5
Suppose 1232 = -3*u + 11*u. List the prime factors of u.
2, 7, 11
Let t = -36 - -93. List the prime factors of t.
3, 19
Let r(a) = a**3 + 4*a**2 + 3*a - 3. Suppose -3*i - 4*f = -2*f + 7, -3*i + 3*f = 12. Let b be r(i). List the prime factors of (-20)/6*b*1.
2, 5
Let a(d) = d**3 + 2*d**2 + d + 1. Let n be a(-1). Let s(x) = -2*x + 0 + 8*x**3 + 0 + 1. What are the prime factors of s(n)?
7
Let i(r) = r + 1. Suppose 0 = -d - 2*d + 18. What are the prime factors of i(d)?
7
Suppose 2*f = 5*f. Let m = -2 + f. List the prime factors of m + 8 + (-4)/2.
2
Suppose 6 = 2*j - 2, 3*o + j = 82. What are the prime factors of o?
2, 13
Suppose 0 = 3*f + 4*m + 2843, -5*f - 4749 = -m - 3*m. What are the prime factors of f/(-65) - (-2)/5?
3, 5
Suppose -3*q + 25 = v + 2*q, v - 31 = -3*q. What are the prime factors of v?
2, 5
Suppose p + 0*p = -4. Let x = p - -10. What are the prime factors of x?
2, 3
Suppose -25 = -5*b, -4*t - 982 = -0*b - 2*b. List the prime factors of t/(-45) + 2/(-5).
5
Suppose -3*n + 0 = -6. Let x be 3*(n + 16/(-6)). What are the prime factors of 2/(x*2/(-14))?
7
Let z = 460 - 47. What are the prime factors of z?
7, 59
Suppose t + 216 = 5*t. List the prime factors of t.
2, 3
Suppose 3 - 2 = b. Suppose -p - b = -3. List the prime factors of p + (-2 - -2) - -8.
2, 5
Suppose -583 = -9*m + 335. List the prime factors of m.
2, 3, 17
What are the prime factors of ((-4)/8 + 0)*-4?
2
Suppose 4*u = -u + 365. List the prime factors of u.
73
Let h(v) = -v**3 + 3*v**2 + 6*v - 2. Let d be h(4). Suppose -5*y = 4*o - 171, y - 5*o + 170 = d*y. What are the prime factors of y?
5, 7
Let j(o) = -o**2 - 3*o + 5. Let n be j(-4). What are the prime factors of -1 - n*24/(-3)?
7
Let s = 96 + -38. What are the prime factors of s?
2, 29
Let v(l) be the second derivative of 7*l**4/12 + l**3/6 - 3*l. What are the prime factors of v(-1)?
2, 3
Let l(j) = -j**2 - 5. Let o be l(0). Let g(r) = -r**2 - 11*r - 1. Let s be g(o). Suppose -4*a = -s - 3. List the prime factors of a.
2
Suppose 2*p + 2*h = -2*p + 224, -h = 0. List the prime factors of p.
2, 7
Let v = 14 + 8. Suppose 4 = u + v. List the prime factors of (u/5)/((-3)/15).
2, 3
Let h(c) = -c**2 - 11*c + 6. What are the prime factors of h(-6)?
2, 3
Let p be 1*(-1 - -2 - 2). Let h = 6 + p. Suppose 0 = -w - 3*c - 2, -h*c - 11 = -2*w + 18. Li